{"id":383,"date":"2020-03-25T22:10:46","date_gmt":"2020-03-25T21:10:46","guid":{"rendered":"https:\/\/www.islamic.no\/hip\/?page_id=383"},"modified":"2020-03-26T15:53:06","modified_gmt":"2020-03-26T14:53:06","slug":"forside","status":"publish","type":"page","link":"https:\/\/www.islamic.no\/hip\/forside\/","title":{"rendered":"Forside"},"content":{"rendered":"<p>[vc_row css=&#8221;.vc_custom_1585173277519{margin-top: 50px !important;margin-bottom: 50px !important;padding-top: 0px !important;padding-bottom: 0px !important;}&#8221; el_class=&#8221;countdown&#8221;][vc_column css=&#8221;.vc_custom_1584103432116{padding-top: 0px !important;padding-bottom: 0px !important;}&#8221;][vc_row_inner][vc_column_inner]\r\n<div class=\"tm-sc tm-sc-icon-box icon-box icon-left iconbox-centered-in-responsive icon-position-icon-left icon-title \">\r\n    \t\t\t\t\t\t<a class=\"icon icon-type-font-icon  icon-default   \" \r\n\t\t\t\r\n\t\t\t\t\t\t\t\t>\r\n\t\t\t<i class=\"fa fa-calendar\" style=\"font-size: 0px\"><\/i>\t\t<\/a>\r\n\t\t\t<div class=\"icon-text\">\r\n        \r\n\t\t\t\t<h3 class=\"icon-box-title \" >\r\n\t\t\t\t\t\t\tNESTE EVENT\t\t\t\t\t<\/h3>\r\n\t\t\t\t<div class=\"content\"><p>Quality Hotel 33 i Oslo (\u00d8kern)<\/p>\n<\/div>\r\n\r\n\r\n        \t<\/div>\r\n\t<div class=\"clearfix\"><\/div>\r\n<\/div>[vc_widget_sidebar sidebar_id=&#8221;give-forms-sidebar&#8221;][vc_btn title=&#8221;Registrer deg n\u00e5&#8221; style=&#8221;outline-custom&#8221; outline_custom_color=&#8221;rgba(255,255,255,0.01)&#8221; outline_custom_hover_background=&#8221;#c6c6c6&#8243; outline_custom_hover_text=&#8221;#dd3333&#8243; align=&#8221;left&#8221; i_align=&#8221;right&#8221; i_icon_fontawesome=&#8221;fa fa-arrow-circle-o-right&#8221; add_icon=&#8221;true&#8221; el_class=&#8221;button-register&#8221; link=&#8221;url:%23kontakt|||&#8221;][\/vc_column_inner][\/vc_row_inner][\/vc_column][\/vc_row][vc_row][vc_column][vc_column_text][\/vc_column_text][\/vc_column][\/vc_row][vc_row full_width=&#8221;stretch_row&#8221; el_class=&#8221;about-us&#8221; el_id=&#8221;om-oss&#8221; css=&#8221;.vc_custom_1585174927202{background-color: #3b93a4 !important;}&#8221;][vc_column][vc_row_inner][vc_column_inner width=&#8221;1\/2&#8243;][vc_single_image image=&#8221;421&#8243; img_size=&#8221;full&#8221;][\/vc_column_inner][vc_column_inner width=&#8221;1\/2&#8243;][vc_column_text]<\/p>\n<h2 class=\"section-heading\"><span style=\"color: #ffffff;\">Om oss<\/span><\/h2>\n<p>[\/vc_column_text][vc_column_text]Hjerter i Par ble etablert for \u00e5 dekke det voksende behovet for profesjonell tilrettelegging av ekteskap for muslimer. Med v\u00e5r travle livsstil og begrensede kanaler for \u00e5 finne ektefelle i Norge, sikter Hjerter i Par p\u00e5 \u00e5 bringe sammen likesinnede menn og kvinner som \u00f8nsker \u00e5 finne sin bedre halvdel.<\/p>\n<p>V\u00e5rt prim\u00e6re m\u00e5l er \u00e5 bist\u00e5 muslimer med \u00e5 identifisere potensielle partnere i et tilrettelagt milj\u00f8, uten \u00e5 trosse v\u00e5re islamske retningslinjer og prinsipper.<\/p>\n<p>Vi identifiserer kandidater, holder foredrag, skaper m\u00f8teplasser og utfordrer deltakere til \u00e5 reflektere over veien videre. Det er viktig for oss at du blir kjent med deg selv f\u00f8rst![\/vc_column_text][\/vc_column_inner][\/vc_row_inner][\/vc_column][\/vc_row][vc_row full_width=&#8221;stretch_row&#8221; el_class=&#8221;process-section&#8221;][vc_column][vc_column_text el_class=&#8221;sm-heading&#8221;]<\/p>\n<h2 class=\"section-heading box-shadow-none\" style=\"text-align: center;\"><span style=\"color: #af1a05;\">Hvordan fungerer det?<\/span><\/h2>\n<div id=\"gtx-trans\" style=\"position: absolute; left: 420px; top: 51.9063px;\">\n<div class=\"gtx-trans-icon\"><\/div>\n<\/div>\n<p>[\/vc_column_text][vc_row_inner el_class=&#8221;info-box-icon-section&#8221;][vc_column_inner width=&#8221;1\/3&#8243;][vc_column_text]<\/p>\n<p style=\"text-align: center;\"><span class=\"rad-icon\">1<\/span><\/p>\n<p>[\/vc_column_text]<div id=\"ultimate-heading-454269f38245b66ea\" class=\"uvc-heading ult-adjust-bottom-margin ultimate-heading-454269f38245b66ea uvc-8791 \" data-hspacer=\"no_spacer\"  data-halign=\"center\" style=\"text-align:center\"><div class=\"uvc-heading-spacer no_spacer\" style=\"top\"><\/div><div class=\"uvc-main-heading ult-responsive\"  data-ultimate-target='.uvc-heading.ultimate-heading-454269f38245b66ea h2'  data-responsive-json-new='{\"font-size\":\"\",\"line-height\":\"\"}' ><h2 style=\"font-weight:normal;color:#ffffff;\">Registrer deg med din profil p\u00e5 nett<\/h2><\/div><div class=\"uvc-sub-heading ult-responsive\"  data-ultimate-target='.uvc-heading.ultimate-heading-454269f38245b66ea .uvc-sub-heading '  data-responsive-json-new='{\"font-size\":\"\",\"line-height\":\"\"}'  style=\"font-weight:normal;color:#ffffff;\">Registrer din profil, betal p\u00e5meldingsavgift. Du mottar n\u00e6rmere informasjon f\u00f8r event.<\/div><\/div><div id=\"modal-trg-txt-wrap-5799\" class=\"ult-modal-input-wrapper ult-adjust-bottom-margin    \" data-keypress-control=\"keypress-control-enable\" data-overlay-control=\"overlay-control-enable\"><button  data-ultimate-target='#modal-trg-txt-wrap-5799 .btn-modal'  data-responsive-json-new='{\"font-size\":\"\",\"line-height\":\"\"}'  style=\"background:#333333;border-color:#333333;color:#FFFFFF; \" data-class-id=\"content-69f38245b67395-09368123\" class=\"btn-modal ult-responsive btn-primary btn-modal-sm overlay-show info-box-icon-button  ult-align-center btn-id-69f38245b67395-09368123\" data-overlay-class=\"overlay-cornerbottomleft\"><\/button><\/div>\n<div class=\"ult-overlay content-69f38245b67395-09368123 info-box-icon\" data-class=\"content-69f38245b67395-09368123\" id=\"button-click-overlay\" style=\"background:rgba(51,51,51,0.8); display:none;\">\n\t<div class=\"ult_modal ult-fade ult-small\">\n\t\t<div id=\"ult-modal-wrap-476\" class=\"ult_modal-content ult-hide\" style=\"border-style:solid;border-width:2px;border-radius:0px;border-color:#333333;\">\n\t\t\t<div  data-ultimate-target='#ult-modal-wrap-476 .ult_modal-body'  data-responsive-json-new='{\"font-size\":\"\",\"line-height\":\"\"}'  class=\"ult_modal-body ult-responsive ult-html\" style=\"\">\n\t\t\t<\/p>\n<ul>\n<li>HIP tar personvern p\u00e5 alvor, ingen data vil bli delt eksternt uten samtykke.<\/li>\n<li>Ingen personlig kontaktinformasjon skal utveksles under arrangementet.<\/li>\n<li>Kommunikasjon p\u00e5 tvers av kj\u00f8nn skal kun foreg\u00e5 n\u00e5r det er match og med wali tilstede.<\/li>\n<li>Fasilitatorene styrer samtalene<\/li>\n<li>P\u00e5meldingsavgift inkluderer deltakelse, en wali\/forelder, mat og snacks.<\/li>\n<li>Tidligere deltakere f\u00e5r 30 % rabatt<\/li>\n<li>HIP f\u00f8lger opp til en samtale nummer to for kandidater som gjensidig \u00f8nsker \u00e5 g\u00e5 videre. Deretter har HIP ingen videre deltakelse eller forpliktelse i prosessen.<\/li>\n<\/ul>\n<p>\n\t\t\t<\/div>\n\t<\/div>\n\t<\/div>\n\t<div class=\"ult-overlay-close top-right\" style=\"width:80px;height:80px; \"><div class=\"ult-overlay-close-inside\">Close<\/div><\/div>\n<\/div>[\/vc_column_inner][vc_column_inner width=&#8221;1\/3&#8243;][vc_column_text]<\/p>\n<p style=\"text-align: center;\"><span class=\"rad-icon\">2<\/span><\/p>\n<p>[\/vc_column_text]<div id=\"ultimate-heading-99369f38245b676b\" class=\"uvc-heading ult-adjust-bottom-margin ultimate-heading-99369f38245b676b uvc-9298 \" data-hspacer=\"no_spacer\"  data-halign=\"center\" style=\"text-align:center\"><div class=\"uvc-heading-spacer no_spacer\" style=\"top\"><\/div><div class=\"uvc-main-heading ult-responsive\"  data-ultimate-target='.uvc-heading.ultimate-heading-99369f38245b676b h2'  data-responsive-json-new='{\"font-size\":\"\",\"line-height\":\"\"}' ><h2 style=\"font-weight:normal;color:#ffffff;\">M\u00f8t opp p\u00e5 eventen<\/h2><\/div><div class=\"uvc-sub-heading ult-responsive\"  data-ultimate-target='.uvc-heading.ultimate-heading-99369f38245b676b .uvc-sub-heading '  data-responsive-json-new='{\"font-size\":\"\",\"line-height\":\"\"}'  style=\"font-weight:normal;color:#ffffff;\">Registrer deg, delta p\u00e5 foredrag\/workshop, rundbord med samtaler styrt av fasilitatorer, se profiler til kandidatene (ingen personlig informasjon vises: navn, tlf og mail\u2026)<\/div><\/div>[\/vc_column_inner][vc_column_inner width=&#8221;1\/3&#8243;][vc_column_text]<\/p>\n<p style=\"text-align: center;\"><span class=\"rad-icon\">3<\/span><\/p>\n<p>[\/vc_column_text]<div id=\"ultimate-heading-325969f38245b6786\" class=\"uvc-heading ult-adjust-bottom-margin ultimate-heading-325969f38245b6786 uvc-9637 \" data-hspacer=\"no_spacer\"  data-halign=\"center\" style=\"text-align:center\"><div class=\"uvc-heading-spacer no_spacer\" style=\"top\"><\/div><div class=\"uvc-main-heading ult-responsive\"  data-ultimate-target='.uvc-heading.ultimate-heading-325969f38245b6786 h2'  data-responsive-json-new='{\"font-size\":\"\",\"line-height\":\"\"}' ><h2 style=\"font-weight:normal;color:#ffffff;\">Velg din potensielle partner<\/h2><\/div><div class=\"uvc-sub-heading ult-responsive\"  data-ultimate-target='.uvc-heading.ultimate-heading-325969f38245b6786 .uvc-sub-heading '  data-responsive-json-new='{\"font-size\":\"\",\"line-height\":\"\"}'  style=\"font-weight:normal;color:#ffffff;\">Velg opp til 3 potensielle kandidater du \u00f8nsker en privat samtale med<br \/>\nVed gjensidig match &#8211; inviteres wali til \u00e5 delta<br \/>\nVi f\u00f8lger opp i etterkant for en eventuell oppf\u00f8lgingssamtale<\/div><\/div>[\/vc_column_inner][\/vc_row_inner][\/vc_column][\/vc_row][vc_row full_width=&#8221;stretch_row&#8221; el_class=&#8221;contact-us&#8221; css=&#8221;.vc_custom_1585177512573{padding-top: 0px !important;padding-right: 30px !important;padding-left: 30px !important;background: #3b93a4 url(https:\/\/www.islamic.no\/hip\/wp-content\/uploads\/2020\/03\/form-bg.png?id=441) !important;background-position: center !important;background-repeat: no-repeat !important;background-size: cover !important;}&#8221; el_id=&#8221;kontakt&#8221;][vc_column][vc_row_inner][vc_column_inner css=&#8221;.vc_custom_1583883060895{padding-right: 30px !important;padding-left: 30px !important;}&#8221;][vc_column_text]<\/p>\n<h2 class=\"section-heading\" style=\"text-align: center;\"><span style=\"color: #ffffff;\">Registrer deg n\u00e5!<\/span><\/h2>\n<p>[\/vc_column_text][contact-form-7 404 \"Not Found\"][\/vc_column_inner][\/vc_row_inner][\/vc_column][\/vc_row][vc_row full_width=&#8221;stretch_row&#8221; el_class=&#8221;visjon&#8221; el_id=&#8221;var-visjon&#8221;][vc_column][vc_row_inner][vc_column_inner width=&#8221;1\/2&#8243;][vc_column_text]<\/p>\n<h2 class=\"section-heading\" style=\"text-align: center;\"><span style=\"color: #af1a05;\">V\u00e5r visjon<\/span><\/h2>\n<p>[\/vc_column_text][vc_column_text]<\/p>\n<p style=\"text-align: center;\">Gj\u00f8re veien til nikah ukomplisert. Reisen til ekteskap skal v\u00e6re enkel<\/p>\n<p style=\"text-align: center;\">Gj\u00f8r HIP til en foretrukket arena til \u00e5 finne ektefelle for muslimer<\/p>\n<p>[\/vc_column_text][\/vc_column_inner][vc_column_inner width=&#8221;1\/2&#8243;][vc_column_text]<\/p>\n<h2 class=\"section-heading\" style=\"text-align: center;\"><span style=\"color: #af1a05;\">V\u00e5r misjon<\/span><\/h2>\n<p>[\/vc_column_text][vc_column_text]<\/p>\n<p style=\"text-align: center;\"><em>Hjelpe <\/em>muslimer med selvrefleksjon<\/p>\n<p style=\"text-align: center;\"><em>Opplyse <\/em>om fundamentene i et ekteskap og islam<\/p>\n<p style=\"text-align: center;\"><em>Fasilitere<\/em> for match-making i hehnhold til v\u00e5re islamske retningslinjer<\/p>\n<p>[\/vc_column_text][\/vc_column_inner][\/vc_row_inner][\/vc_column][\/vc_row][vc_row full_width=&#8221;stretch_row&#8221; el_class=&#8221;Misjon&#8221; el_id=&#8221;var-misjon&#8221;][vc_column][vc_row_inner][vc_column_inner][vc_column_text]<\/p>\n<h2 class=\"section-heading ab-heading\" style=\"text-align: center;\"><span style=\"color: #af1a05;\">V\u00e5r Inspirasjon<\/span><\/h2>\n<p>[\/vc_column_text][vc_column_text]<\/p>\n<p style=\"text-align: center;\">Koran: <em>Og vi skapte dere i par. <\/em>78:8<\/p>\n<p style=\"text-align: center;\">Mennesket er skapt for \u00e5 tilbringe livet sammen med en partner. Fullf\u00f8relse av ekteskap sammenlignes med \u00e5 fullf\u00f8re sin halve <em>deen<\/em>. Vi \u00f8nsker \u00e5 bist\u00e5 v\u00e5re trosfeller med \u00e5 oppn\u00e5 den ultimate suksessen i denne verden og neste.<\/p>\n<p style=\"text-align: center;\">Profeten Muhammad saw sa: nikah er min sunnah.<\/p>\n<p>[\/vc_column_text][\/vc_column_inner][\/vc_row_inner][\/vc_column][\/vc_row][vc_row full_width=&#8221;stretch_row&#8221; el_class=&#8221;about-us facebook-section&#8221; css=&#8221;.vc_custom_1585188016393{background-image: url(https:\/\/www.islamic.no\/hip\/wp-content\/uploads\/2020\/03\/bg.jpg?id=582) !important;background-position: center !important;background-repeat: no-repeat !important;background-size: cover !important;}&#8221;][vc_column][vc_row_inner][vc_column_inner][vc_column_text]<\/p>\n<h2 class=\"section-heading ab-heading\" style=\"text-align: center;\"><span style=\"color: #ffffff;\">Viktig info<\/span><\/h2>\n<p>[\/vc_column_text][vc_column_text]<\/p>\n<p style=\"text-align: center;\"><span style=\"color: #ffffff;\">HIP tar personvern p\u00e5 alvor, ingen data vil bli delt eksternt uten samtykke<\/span><\/p>\n<p style=\"text-align: center;\"><span style=\"color: #ffffff;\">Ingen personlig kontaktinformasjon skal utveksles under arrangementet<\/span><\/p>\n<p style=\"text-align: center;\"><span style=\"color: #ffffff;\">Kommunikasjon p\u00e5 tvers av kj\u00f8nn skal kun foreg\u00e5 n\u00e5r det er match og med wali tilstede.<\/span><\/p>\n<p style=\"text-align: center;\"><span style=\"color: #ffffff;\">Fasilitatorene styrer samtalene<\/span><\/p>\n<p style=\"text-align: center;\"><span style=\"color: #ffffff;\">P\u00e5meldingsavgift inkluderer deltakelse, en wali\/forelder, mat og snacks.<\/span><\/p>\n<p style=\"text-align: center;\"><span style=\"color: #ffffff;\">Tidligere deltakere f\u00e5r 30 % rabatt<\/span><\/p>\n<p style=\"text-align: center;\"><span style=\"color: #ffffff;\">HIP f\u00f8lger opp til en samtale nummer to for kandidater som gjensidig \u00f8nsker \u00e5 g\u00e5 videre. Deretter har HIP ingen videre deltakelse eller forpliktelse i prosessen.<\/span><\/p>\n<p>[\/vc_column_text][\/vc_column_inner][\/vc_row_inner][\/vc_column][\/vc_row][vc_row full_width=&#8221;stretch_row&#8221; css=&#8221;.vc_custom_1583444378540{padding-top: 35px !important;padding-bottom: 0px !important;background-color: #393a3a !important;}&#8221; el_class=&#8221;footer&#8221;][vc_column css=&#8221;.vc_custom_1583444092704{margin-bottom: 0px !important;padding-top: 0px !important;padding-bottom: 0px !important;}&#8221;][vc_column_text]<\/p>\n<p style=\"text-align: center;\"><span style=\"color: #ffffff;\">\u00a9 <a style=\"color: #ffffff;\" href=\"#\">Hjerter i par<\/a><\/span><\/p>\n<p>[\/vc_column_text][\/vc_column][\/vc_row]<\/p>\n","protected":false},"excerpt":{"rendered":"<p>[vc_row css=&#8221;.vc_custom_1585173277519{margin-top: 50px !important;margin-bottom: 50px !important;padding-top: 0px !important;padding-bottom: 0px !important;}&#8221; el_class=&#8221;countdown&#8221;][vc_column css=&#8221;.vc_custom_1584103432116{padding-top: 0px !important;padding-bottom: 0px !important;}&#8221;][vc_row_inner][vc_column_inner][vc_widget_sidebar sidebar_id=&#8221;give-forms-sidebar&#8221;][vc_btn title=&#8221;Registrer deg n\u00e5&#8221;&#8230;<\/p>\n","protected":false},"author":1,"featured_media":0,"parent":0,"menu_order":0,"comment_status":"closed","ping_status":"closed","template":"","meta":[],"_links":{"self":[{"href":"https:\/\/www.islamic.no\/hip\/wp-json\/wp\/v2\/pages\/383"}],"collection":[{"href":"https:\/\/www.islamic.no\/hip\/wp-json\/wp\/v2\/pages"}],"about":[{"href":"https:\/\/www.islamic.no\/hip\/wp-json\/wp\/v2\/types\/page"}],"author":[{"embeddable":true,"href":"https:\/\/www.islamic.no\/hip\/wp-json\/wp\/v2\/users\/1"}],"replies":[{"embeddable":true,"href":"https:\/\/www.islamic.no\/hip\/wp-json\/wp\/v2\/comments?post=383"}],"version-history":[{"count":33,"href":"https:\/\/www.islamic.no\/hip\/wp-json\/wp\/v2\/pages\/383\/revisions"}],"predecessor-version":[{"id":618,"href":"https:\/\/www.islamic.no\/hip\/wp-json\/wp\/v2\/pages\/383\/revisions\/618"}],"wp:attachment":[{"href":"https:\/\/www.islamic.no\/hip\/wp-json\/wp\/v2\/media?parent=383"}],"curies":[{"name":"wp","href":"https:\/\/api.w.org\/{rel}","templated":true}]}}